*2 - 22*r + 10. Is k(-17) a prime number?
True
Suppose 0 = -5*q + 4*y - 118, 2*q = -4*y + 2*y - 58. Let d = -16 - q. Is d prime?
False
Suppose -5*d + 3*c - 6 = 0, c + 6 = -d + 4*c. Suppose -2*w + d*w = -2. Is ((-158)/4)/(w/(-2)) a composite number?
False
Let l(a) = -2*a**3 - 18*a**2 - a + 1. Is l(-12) a composite number?
False
Let v(h) = -3 - 3 + 1 + 6 + 3*h**3 - 2*h**2. Let c be v(1). Suppose 5*q + 0*q - 555 = c*u, -q + 94 = 3*u. Is q a prime number?
True
Is (0 + 272 - (-4)/(-2)) + 1 prime?
True
Suppose -2*p + 3*p - 5 = 0. Suppose 0 = p*c - 3*c - 4. Is c prime?
True
Let z(t) = 6*t + 2. Let m be z(-6). Is (0 + 87/(-6))*m composite?
True
Let l be -2*(-3)/(-6)*-3. Suppose -3*x = -l*t + 3, 4*t - 2 + 1 = 5*x. Is (-3)/t - 5176/(-32) a prime number?
False
Suppose 5*d - 469 = -6*u + 2*u, d - 1 = 0. Is 4/(-12) - u/(-6) prime?
True
Let d(n) = 2*n**2 + 11*n + 18. Is d(13) a composite number?
False
Suppose 3*i - 2433 = -222. Is i a composite number?
True
Let b be 1/(-3) + 10/3. Suppose -7*h + 220 = -b*h. Is h prime?
False
Let v = 14 + -4. Let t be -9*(-2 - -1)/(-1). Let p = v - t. Is p composite?
False
Is 2/6 + (-9528)/(-36) composite?
True
Let b be 2*(826/4)/7. Let l = -38 + b. Is l prime?
False
Let q be (2/(-3))/((-8)/(-12)). Let k be q/(-4) + 38/8. Suppose j = -v + 6*j + 103, 5*v - k*j = 435. Is v prime?
True
Let o(a) = -6*a**2 - a - 3. Let j(v) = -v**2 - v - 1. Let n(h) = 5*j(h) - o(h). Let b be n(6). Suppose w + g - 1 = 5, 2*w = -4*g + b. Is w composite?
False
Is (-4396)/(-10) - 21/35 prime?
True
Let w(n) = 47*n**3 + 6*n - 9. Is w(2) prime?
True
Let u(t) = -t + 2. Let b be u(-2). Is (6/9)/(b/798) a composite number?
True
Let v(r) = -2*r**3 + 7*r**2 - 3*r + 2. Let z be v(5). Is (-1)/(((-4)/z)/(-1)) prime?
False
Let y be 1/1 + -2 + 5. Suppose -y*g + 170 = 2*k, 2*g = -3*k + 174 + 89. Is k prime?
True
Let b(y) = -y + 2. Let c be b(2). Suppose -4*r + r + 21 = c. Suppose r = -i + 54. Is i a prime number?
True
Suppose -5*c - h = -26, 0*c + 4*c - 5*h - 15 = 0. Suppose c*b - 1499 + 384 = 0. Is b a composite number?
False
Let t be (-7)/28 + 165/4. Suppose b = 3*m - 3, -6*m + 3*m + 9 = 0. Suppose t = k - b. Is k a composite number?
False
Let x be (2/3)/((-2)/(-6)). Is 57 + (x - 1 - 3) composite?
True
Suppose 0 = -u - u. Suppose -2*y = c - 37 - 10, y + 3*c - 36 = u. Is y a prime number?
False
Suppose -z - 3*d = 5, 3*z - 4*z = 2*d + 2. Suppose -3*o = z*y - 20, -4*y + 10 + 10 = -o. Suppose k - s + 2*s - 260 = o, s + 3 = 0. Is k prime?
True
Let s be 4*-3 - (5 - 6). Let q(w) = w**2 + 2*w - 6. Let h be q(6). Let c = h - s. Is c a prime number?
True
Let s(f) = -f**3 + f**2 + f + 275. Let u be s(0). Let d = u - 192. Suppose 0*j - j + d = 5*c, 3*c = 5*j - 415. Is j a composite number?
False
Suppose h + 21 = 4*h. Let m(i) = 3*i + 1. Is m(h) composite?
True
Let x be 8/(-1 - -3) + 0. Suppose 495 = -l + x*l. Let v = l + -88. Is v composite?
True
Suppose 3*m = 6*m - x - 1, m - 22 = -4*x. Suppose 0 = 4*y - 2*u - m*u - 16, -5*y - 5*u + 50 = 0. Is y composite?
False
Let j be (0/1)/(0 + 1). Suppose j = 4*l - 3*s + 4*s - 361, 0 = 5*s - 25. Is l composite?
False
Let z(o) = -o**3 - 6*o**2 - 3*o - 7. Let g(a) = -3*a + 3. Let d = 1 - -2. Let l be g(d). Is z(l) a composite number?
False
Let t = 2 + 0. Suppose k = -5*i + 160, t*i - 7*i = -k - 160. Suppose -4*m = 3*h - h - 38, i = 3*m - 2*h. Is m a prime number?
False
Let n be 2554/(-9) - (-2)/(-9). Let d = -61 - n. Is d composite?
False
Let u(q) = 10*q - 11. Let w(v) = -119*v + 133. Let j(a) = -35*u(a) - 3*w(a). Is j(13) a composite number?
True
Let q(n) = n**3 - 10*n**2 + 11*n - 3. Let v(m) = -m**3 - 7*m**2 + 7*m + 5. Let j be v(-8). Let a = j + -4. Is q(a) a prime number?
False
Let c = 4 - 6. Let v(n) = -3*n - 3. Let w be v(c). Suppose -w*b = -5*l + 50, -l + 25 + 7 = -5*b. Is l prime?
True
Is (11 - -1154) + 1*-2 a composite number?
False
Let v = 3 + -5. Is (-1)/(v/78) - 2 composite?
False
Suppose 124 = 2*w - 6*w. Let d = w + 68. Is d a composite number?
False
Let x = -12 - -33. Suppose 5*c - s = x + 13, c - 4 = 3*s. Let r(a) = a - 1. Is r(c) composite?
True
Suppose 0 = 2*o + o - 4*y - 511, 5*o - y = 880. Is o prime?
False
Let z = 3 - 1. Suppose 0 = -5*c + 4*n + 38, -z*c + 2*n + 14 = 0. Is c a prime number?
False
Suppose -2*z + 22 = -24. Is z a prime number?
True
Let n = -1618 + 2453. Is n a prime number?
False
Suppose o - 2*l - 4523 = 0, 4*o = 5*l - 3*l + 18110. Is o a composite number?
True
Let w(s) = -272*s**3 - 3*s - 3. Is w(-2) a prime number?
True
Let s be 387/(1/(1 - 0)). Let r = s + -157. Is 1/2*1*r prime?
False
Is ((-1)/(-3))/(8/7080) prime?
False
Let x(o) = o**2 - o. Let h be x(1). Let q be (h - 0)/2 + -1. Is (q*2)/(4/(-46)) a prime number?
True
Let z be -64 - (0 - 2)/2. Suppose 1 - 589 = -6*s. Let k = z + s. Is k prime?
False
Let p be (-14)/21*21/2. Let g = p - -7. Suppose -2*x = 2*l - 24, g = -4*l + 3*x + 30 + 11. Is l a composite number?
False
Suppose -4*p = -p - 2679. Is p composite?
True
Let s(d) = -d + d**3 + d**2 + 20 + 7 + 4. Suppose 0 = -0*g + 4*g. Is s(g) a composite number?
False
Let m(k) = 47*k - 1. Let v be m(-3). Let r = v + 265. Is r a prime number?
False
Is -3 + 6/(-14) + (-4861)/(-7) composite?
False
Suppose 2*n + 61 = z + 226, -n = -2*z - 327. Let p = -2 - z. Is p a composite number?
True
Let l be (-32)/(-6) - (-1)/(-3). Let z = 12 - l. Suppose z = a - 24. Is a prime?
True
Let w(g) = 14*g**2 - 2*g - 3. Suppose -3*y = -0*y + 9. Is w(y) prime?
False
Suppose -r + 5*s = -16 - 15, 3*s + 67 = 5*r. Is 1*-11*(-42 - r) a prime number?
False
Let q(d) = 583*d**2. Is q(-1) a composite number?
True
Suppose 4*r + 12 = 0, 6*d = 2*d + 4*r + 248. Is d a composite number?
False
Let w(g) = 42*g**2 - g. Suppose 0 = -3*y + 5 - 2. Let o be w(y). Suppose 0 = -5*h - 3*n + 59 + o, -n = 5. Is h composite?
False
Is (10828/16)/(4/16) composite?
False
Let v(r) = -r**3 + 10*r**2 - 8*r - 3. Let h be v(9). Let u(f) = -h*f**3 - 4 + 5*f - 5*f. Is u(-3) a prime number?
False
Is (4 - -1 - 4) + 684 a prime number?
False
Suppose -4*n = -4*s + 760, s - 2*n - 25 = 170. Is s a composite number?
True
Let p = -14 + 4. Let a = p + 2. Is a/(-28) + 621/7 prime?
True
Suppose 3*u - 5*o - 16 = 0, -2*u + o + 9 = -4. Suppose a = -u + 39. Let m = a + -21. Is m composite?
False
Let p(r) = 109*r + 4. Let s = -12 - -15. Is p(s) a composite number?
False
Suppose 0 = -s - 5*t + 1001, -2*t = -2*s - 0*t + 1978. Is s a composite number?
False
Suppose 0 = -t + 5, -4*c + 2*t + 7773 = 2339. Is c a prime number?
True
Let i(u) be the third derivative of u**6/120 + u**3/6 + 2*u**2. Let f be i(-1). Is 55 - ((0 - f) + 0) prime?
False
Let l = 213 - -46. Is l composite?
True
Let x(r) = r. Let g be x(7). Suppose d + 1 = 2*l, 0*d = -4*l + 5*d - g. Suppose -25 - 61 = -l*v. Is v prime?
True
Suppose 6*t - 2 = -b + 4*t, 3*t = 0. Let l be ((-2)/3)/((-4)/30). Suppose -b*q + h + 18 = -h, l*h - 9 = -4*q. Is q prime?
False
Let p = 6 - 1. Suppose 0 = -5*a + 5 + p. Suppose -a*s = -4*s + 26. Is s prime?
True
Let t = 6 - 6. Suppose -5*m + 205 + 190 = t. Is m a prime number?
True
Suppose 0 = -0*w + 2*w - 1526. Is w a composite number?
True
Let m(k) = -2*k**2 + 57*k + 3. Is m(28) composite?
False
Suppose 0 = -4*i - c + 11, -i - 2*c = -0*c + 6. Is 3/((-6)/i) - -151 prime?
True
Suppose 5*q - 4*q = -2*t - 13, 3*q - 5*t = 16. Is (q/(-9))/(1/63) a prime number?
False
Suppose u - 2*n = 5*u - 116, -5*n = 20. Is u a composite number?
False
Suppose 3*s - 39 - 672 = 0. Suppose 3*f - s = -0*f. Is f prime?
True
Suppose 0*o - 9 = -3*o. Suppose -374 = -o*v + 5*y, -5*v = -0*y + y - 614. Is v a composite number?
True
Let o(f) = 248*f**3 - f. Is o(1) a prime number?
False
Suppose 5*v - 183 = -2163. Let h = 565 + v. Is h a prime number?
False
Is (-79)/(0 - (2 - 1)) composite?
False
Let l(f) = 380*f - 31. Is l(3) a composite number?
False
Let n(p) = 19*p**3 - p**2 - 2*p - 1. Is n(2) prime?
False
Let q(d) = 5*d**3 - d**2 + d - 1. Is q(4) composite?
False
Suppose -5*f - 10 = -35. Let t(r) = -r**3 + 7*r**2 - 5*r - 2. Let h be t(f). Suppose -4*l + 4*j - h = -91, 48 = 2*l + 5*j. Is l composite?
False
Let j be (-1)/(-2 - (-75)/39). Let o(m) = 2*m**2 + 5*m - 8. Let v be o(-6). Let u = v + j. Is u a prime number?
True
Is 82*(-3 + (-385)/(-10)) composite?
True
Let t(v) = 2*v**3 - 11*v**2 + 3*v - 23. Is t(10) prime